alculate z(1).
32
Let z(t) = -t**2 - 1522*t - 3039. Determine z(-2).
1
Let y(s) = s**3 - 11*s**2 - 109*s + 1163. Determine y(12).
-1
Let a(x) = -x**3 + 2*x**2 + 70*x - 284. Determine a(4).
-36
Let m(q) = q**2 - 36*q + 29. Determine m(35).
-6
Let z(d) = 769*d + 17690. What is z(-23)?
3
Let b(u) = -75*u - 2502. Calculate b(-34).
48
Let c(h) = h**3 + 6*h**2 - 5*h - 20. What is c(-6)?
10
Let f(m) = -m**3 + 2*m**2 + 6*m - 19. Give f(0).
-19
Let b(a) = -a**2 + 42*a + 449. What is b(-9)?
-10
Let o(c) = 3*c**2 + 134*c + 86. Determine o(0).
86
Let h(v) = -v**3 - v**2 + 69*v + 14. Calculate h(-9).
41
Let x(d) = -d**3 + 14*d**2 - 19*d - 12. Determine x(11).
142
Let z(l) = l + 13. Calculate z(2).
15
Let z(d) = 7*d**2 + 739*d - 2608. Calculate z(-109).
8
Let s(r) = 5*r**3 - 33*r**2 + 29*r + 8. Give s(7).
309
Let w(y) = 263*y - 10787. Determine w(41).
-4
Let v(j) = 133*j - 1910. What is v(14)?
-48
Let z(j) = -35*j**2 + 1119*j + 41. Give z(32).
9
Let d(k) = 15263*k + 76322. Determine d(-5).
7
Let i(k) = -45*k - 2978. Give i(-67).
37
Let p(n) = -3*n**3 - 39*n**2 - 67*n - 13. Determine p(-11).
-2
Let h(i) = i**2 - 5*i - 153. Determine h(-12).
51
Let v(t) = 7*t**2 + 20*t + 8. Calculate v(-7).
211
Let o(a) = -2*a**2 + 33*a + 11. Determine o(15).
56
Let h(q) = -3*q**3 + 14*q**2 + 28*q - 107. Calculate h(5).
8
Let z(x) = -x**3 + 10*x**2 + 8*x + 107. Determine z(12).
-85
Let s(j) = -2*j**3 + 132*j**2 - 1534*j + 148. Give s(51).
-56
Let y(l) = l**3 + 20*l**2 + 49*l - 61. Calculate y(-17).
-27
Let c(f) = -4*f**3 + 137*f**2 - 21*f - 448. Calculate c(34).
-6
Let x(k) = -5*k**2 - 357*k - 2908. Give x(-62).
6
Let o(s) = 2*s + 296. What is o(24)?
344
Let j(d) = -32*d**2 + 226*d + 16. What is j(7)?
30
Let n(j) = -1312*j + 6559. What is n(5)?
-1
Let f(k) = -84*k**2 - 8*k - 11. What is f(-2)?
-331
Let l(f) = -f**3 - 42*f**2 + 4*f + 161. Give l(-42).
-7
Let q(k) = k**3 + 6*k**2 + 6*k + 6. Determine q(-3).
15
Let b(j) = -2*j**2 + 35*j - 46. Give b(16).
2
Let o(z) = z**3 - 8*z**2 - 5*z + 23. Determine o(6).
-79
Let x(z) = 150*z + 130. Give x(-1).
-20
Let w(d) = -d**3 - 3*d**2 - 2*d + 181. Determine w(0).
181
Let n(q) = 384*q + 8458. Determine n(-22).
10
Let k(x) = -11*x**3 + 199*x**2 - 23*x + 86. Determine k(18).
-4
Let f(q) = -q**2 + 12*q - 45. What is f(12)?
-45
Let g(i) = i**2 - 69*i + 110. What is g(2)?
-24
Let x(w) = 53*w + 187. Calculate x(-4).
-25
Let z(r) = -r**3 + 16*r**2 - 22*r - 32. What is z(13)?
189
Let d(j) = -j**2 + 58*j + 274. Determine d(62).
26
Let o(z) = 2*z**3 + 4*z**2 + 115*z + 356. What is o(-3)?
-7
Let u(t) = -3*t**2 - 20*t + 163. Give u(-16).
-285
Let t(a) = 629*a - 20133. Determine t(32).
-5
Let o(k) = -2*k**3 - 18*k**2 + 17*k - 67. Calculate o(-10).
-37
Let v(i) = -i**3 + 88*i**2 - 9*i + 802. What is v(88)?
10
Let v(m) = 224*m - 30908. What is v(138)?
4
Let c(j) = -3*j**2 + 83*j - 193. Determine c(24).
71
Let u(l) = -l**3 + 10*l**2 + 16*l - 78. Determine u(3).
33
Let h(m) = -34*m - 41. Determine h(8).
-313
Let h(y) = 1017*y + 6104. Determine h(-6).
2
Let m(l) = 12*l**2 + 506*l + 5331. Give m(-21).
-3
Let g(u) = -1789*u + 318442. Give g(178).
0
Let v(l) = -100*l + 3704. Calculate v(37).
4
Let k(h) = 30*h**2 - 2*h - 24. Calculate k(-3).
252
Let u(d) = 52*d**2 + 1054*d + 202. Calculate u(-20).
-78
Let p(u) = 121*u + 10. Calculate p(2).
252
Let j(y) = 5*y**3 + 29*y**2 - 81*y + 50. Give j(-8).
-6
Let t(f) = f**2 + 73*f - 284. Give t(-79).
190
Let c(f) = -10*f**2 - 71*f + 495. Calculate c(7).
-492
Let q(k) = -27*k - 283. Calculate q(-10).
-13
Let l(k) = 2*k + 73. What is l(-45)?
-17
Let c(p) = p**2 + 586*p - 3543. Determine c(6).
9
Let q(i) = 44*i**2 - 85*i + 264. Determine q(3).
405
Let k(n) = 5*n + 40. Calculate k(-3).
25
Let l(a) = 782*a - 14082. What is l(18)?
-6
Let w(z) = z**3 + 29*z**2 - 2*z - 34. What is w(-29)?
24
Let h(x) = 4*x**2 - 22*x + 32. Give h(2).
4
Let o(x) = -2*x**3 - x**2 - 6*x + 64. Determine o(0).
64
Let a(u) = -u**2 + 49*u + 102. What is a(-2)?
0
Let f(z) = 42*z**2 - 417*z - 6. Calculate f(10).
24
Let v(p) = 24*p**3 - 87*p**2 + 5*p + 2. What is v(3)?
-118
Let w(u) = 8*u - 150. Give w(39).
162
Let t(x) = 2*x**3 - 62*x**2 - 362*x - 4. What is t(-5)?
6
Let h(d) = -3*d**2 + 33*d - 17. What is h(11)?
-17
Let g(o) = -598*o - 4. Determine g(1).
-602
Let d(q) = -81*q - 740. What is d(-9)?
-11
Let v(l) = -l**3 - 4*l**2 + 17*l - 21. What is v(-7)?
7
Let z(x) = -14*x - 19. What is z(0)?
-19
Let f(b) = -6*b - 2. Calculate f(0).
-2
Let u(k) = 4*k**2 + 43*k - 540. Determine u(8).
60
Let m(l) = -15*l**3 + 12*l**2 - 15*l - 28. Give m(-1).
14
Let l(a) = a**3 - 92*a**2 + 349*a + 271. Determine l(88).
7
Let f(x) = 28*x + 794. Determine f(-28).
10
Let h(n) = 2*n**3 - 54*n**2 + 5*n - 22. What is h(27)?
113
Let w(s) = s**3 - 169*s + 611. Determine w(4).
-1
Let d(j) = j**3 - 17*j**2 + 43*j - 28. Give d(14).
-14
Let f(r) = r**3 - 3*r**2 - 6*r + 23. Calculate f(0).
23
Let m(f) = -4*f**2 - 108*f + 955. What is m(-34)?
3
Let u(l) = 21*l - 15. What is u(3)?
48
Let q(c) = -3*c**2 + 43*c - 5. Calculate q(19).
-271
Let a(r) = -13*r**3 - 1220*r**2 + 187*r - 93. Determine a(-94).
1
Let z(t) = t**3 + 12*t**2 + 29*t + 110. Calculate z(-10).
20
Let v(f) = 23*f - 3. Give v(8).
181
Let l(w) = -10*w**3 + 17*w**2 - 4*w - 4. Give l(3).
-133
Let t(l) = 31*l - 101. Determine t(4).
23
Let l(n) = n**2 - 44*n - 500. What is l(53)?
-23
Let a(b) = -2*b**3 - 42*b**2 - 39*b + 35. Determine a(-20).
15
Let u(h) = -40*h - 20. Determine u(-5).
180
Let j(b) = -b**3 + 9*b**2 - 3*b + 80. Determine j(9).
53
Let y(x) = 36*x - 116. Determine y(-7).
-368
Let i(n) = -9*n + 214. Calculate i(49).
-227
Let l(z) = 168*z - 352. Give l(2).
-16
Let m(g) = -8*g**2 + 23*g + 90. Give m(-2).
12
Let u(f) = 21*f**2 - 937*f - 357. Determine u(45).
3
Let j(g) = -72*g + 935. Determine j(13).
-1
Let b(m) = -m**3 - 4*m**2 + 11*m - 10. Determine b(-6).
-4
Let b(t) = 82*t - 455. What is b(8)?
201
Let q(y) = -y**3 + 66*y**2 - 1051*y - 39. Determine q(27).
15
Let d(h) = 23*h + 177. Calculate d(-5).
62
Let c(x) = 455*x + 26381. What is c(-58)?
-9
Let d(r) = r**2 + 13*r - 3041. What is d(49)?
-3
Let b(o) = 5*o - 135. Calculate b(27).
0
Let n(q) = -q**3 - 68*q**2 - 192*q + 187. What is n(-65)?
-8
Let t(w) = w**3 + 14*w**2 + 29*w - 29. Calculate t(-10).
81
Let h(y) = 9*y - 16. Calculate h(23).
191
Let v(c) = c**3 - 29*c**2 + 105*c - 42. What is v(25)?
83
Let v(m) = -22*m - 132. Give v(-11).
110
Let r(u) = -102*u**3 + u**2 - 10*u + 8. What is r(1)?
-103
Let d(a) = -a**3 + 2*a**2 - 94*a + 320. Determine d(3).
29
Let d(n) = 155*n + 567. Determine d(0).
567
Let g(c) = c**2 - 21*c - 8637. Determine g(104).
-5
Let h(i) = -4*i**2 - i + 5. Calculate h(-3).
-28
Let z(g) = 21*g + 1106. Calculate z(-52).
14
Let i(g) = -110*g - 4178. What is i(-40)?
222
Let r(j) = 506*j + 2020. Calculate r(-4).
-4
Let f(q) = q**3 + 94*q**2 - 530*q + 7001. What is f(-100)?
1
Let w(k) = 41*k - 2987. What is w(73)?
6
Let a(x) = x**3 + 9*x**2 - 11*x + 28. Determine a(-10).
38
Let r(h) = -236*h + 1067. Calculate r(5).
-113
Let y(c) = -8*c**2 - 56*c + 38542. Determine y(-73).
-2
Let y(l) = -3*l**3 + 6*l**2 + 9*l + 42. Give y(-4).
294
Let i(u) = 8*u**3 + 2*u**2 - 2*u + 1. What is i(2)?
69
Let j(x) = x**3 + 59*x**2 - 127*x + 7. Calculate j(-61).
312
Let c(a) = -2*a**3 - 656*a**2 + 654*a - 1316. Calculate c(-329).
0
Let p(d) = -2*d**3 + 29*d**2 - 11*d - 19. Calculate p(13).
345
Let p(z) = 247*z + 785. Give p(-3).
44
Let i(b) = b**2 - 1926*b + 21060. Give i(11).
-5
Let s(c) = -86*c - 3112. Give s(-36).
-16
Let s(k) = 2*k**3 + 27*k**2 + 40*k + 58. Determine s(-12).
10
Let a(d) = -d**3 - 7*d**2 - 30*d - 100. What is a(-4)?
-28
Let j(t) = -t**2 - 78*t + 157. Determine j(-77).
234
Let o(k) = 1292*k + 2588. Calculate o(-2).
4
Let q(y) = -y**3 + 13*y**2 - y + 22. Determine q(13).
9
Let q(c) = c**3 - 10*c**2 - 40*c + 310. Calculate q(11).
-9
Let l(i) = 4*i**2 - 132*i + 297. What is l(31)?
49
Let s(k) = -k**2 - 164*k - 3359. What is s(-140)?
1
Let j(m) = -5*m**3 + 63*m**2 + 29*m - 37. Give j(13).
2
Let z(u) = 2*u**2 + 92*u + 252. Calculate z(-43).
-6
Let a(u) = -166*u - 738. Calculate a(-4).
-74
Let f(w) = -9*w**2 - 11*w - 1. Determine f(6).
-391
Let j(l) = -93*l + 908. Give j(10).
-22
Let v(q) = -q**3 + q**2 + 4*q - 109. Determine v(0).
-109
Let p(h) = 11*h - 62